 3*q = -16. Calculate the highest common factor of u and q.
8
Suppose 110 = 5*i - 0*i. Suppose 4*n = 2*n - i. Let l be 8/44 - 185/n. What is the highest common divisor of 68 and l?
17
Let c = -7 + 1. Let q = 8 + c. Suppose -q*p + 48 - 16 = 0. What is the greatest common divisor of 2 and p?
2
Suppose -3*v + 1556 = 2*n, -5*v - 455 = -4*n - 3063. Let z = v + -245. Calculate the greatest common factor of 25 and z.
25
Let u be 2/((-48)/20 - -2). Let h be (u + 17)/(2/22). Let j(b) = b**3 - 3*b**2 + 4*b. Let p be j(3). What is the greatest common divisor of p and h?
12
Let x(c) = -c + 12. Let o be x(-11). What is the highest common divisor of o and 23?
23
Suppose 4*x + 0*r - 4*r - 68 = 0, 5 = 5*r. Let p = x - 2. Suppose -4*d = p, -4*v = v - d - 84. What is the greatest common factor of v and 16?
16
Suppose 5*f + 4*a - 9*a - 690 = 0, 3*f - 432 = -3*a. Let c = -71 + f. What is the greatest common factor of c and 10?
10
Suppose 0 = -m - 5*t - 16, 0*m - 21 = -4*m - 3*t. Calculate the highest common factor of m and 27.
9
Let k = 615 - 414. Suppose 5*h - h - k = 5*a, 0 = -2*h + 2*a + 98. What is the greatest common divisor of 4 and h?
4
Let t = 59 - 24. Calculate the highest common divisor of t and 5.
5
Let c be (342/(-12))/((-1)/2). Let x be 0/(-2) - c/(-3). Calculate the highest common factor of 19 and x.
19
Suppose -72 = -13*a + 9*a. Calculate the highest common factor of a and 9.
9
Let v(y) = -y**3 - 6*y**2 - 5*y - 6. Let f be v(-6). Calculate the greatest common divisor of f and 3.
3
Let z(n) = -n**3 + 22. Let g be z(0). Let q = g - 10. What is the greatest common factor of q and 108?
12
Suppose 4*j + 5 = -7, 0 = -4*a - 2*j + 2. Let z be (2 - -4)*-2*1. Let m = 14 + z. What is the highest common factor of m and a?
2
Let n = 34 - 14. Let d(k) = k**2 - k - 2. Let c be d(-3). Calculate the greatest common factor of c and n.
10
Let j be (-23)/1 + 0/(-2). Suppose -95 = 5*b - 4*f, 4 + 1 = -2*b - 5*f. Let l = b - j. Calculate the greatest common divisor of l and 64.
8
Let i = 139 - 124. Calculate the greatest common factor of 120 and i.
15
Suppose 4 = l - 0. Suppose g + l*q - 18 = 0, -g + q + 153 = 4*g. Calculate the greatest common factor of g and 6.
6
Let j(b) = 3*b - 9. Let y(x) = x**3 + 6*x**2 + 8. Let d be y(-6). Let n be j(d). What is the greatest common factor of n and 105?
15
Let o(a) = -a**3 + a**2 - 2*a + 1. Let v be o(2). Let z = -362 - -588. Let b be 2/v - z/(-7). What is the greatest common factor of 80 and b?
16
Suppose 0*m + 184 = 2*m. Let b = 147 - m. Calculate the greatest common factor of b and 5.
5
Let l = 7 - 4. Suppose -4*d = -5*r - 20, -8*d = -3*d + 5*r - 25. Suppose d*c - 27 = 2*c. Calculate the highest common divisor of c and l.
3
Suppose 3*a - 5*y = 4*a - 45, 4*a - 126 = -2*y. Let q(p) = -14*p**3 + p**2. Let m be q(1). Let z = m - -28. Calculate the highest common factor of z and a.
15
Suppose 0*l + 23 = l. Let x(m) = -m**3 + 3*m**2 + 4*m + 1. Let a be x(4). Let s = l + a. What is the highest common factor of 3 and s?
3
Let m = 22 - 8. Calculate the highest common divisor of m and 112.
14
Let c be (-2)/10 - 104/(-20). Suppose -5*o + 140 = -c*s, 0 = 5*o + 3*s - s - 112. What is the greatest common divisor of o and 120?
24
Let i(q) = -6*q + 4. Let j be i(-3). Let m = j + 5. What is the highest common divisor of m and 9?
9
Let l(t) = 3*t + 8. Let r be l(-4). Let z be (-21)/(r/(5 + 3)). What is the highest common factor of z and 14?
14
Let c = 13 - 9. Suppose c*x = -l - 7, l + 4*x - 1 = 2*x. Let m be 3 + 18 - (-2 + 5). Calculate the greatest common divisor of l and m.
9
Let i(z) = 3*z**2 + z - 1. Let x be i(1). Let c be x*(1680/9)/4. Calculate the greatest common factor of c and 28.
28
Let a(v) = -v**2 - 5*v - 2. Suppose -3*r = -r + 4. Let l be a(r). Let c be (287 - 1)*2/l. Calculate the highest common divisor of c and 13.
13
Let v = 36 - 23. What is the highest common factor of 65 and v?
13
Let x = 4 + -6. Let g(u) = 6*u**2 - 2*u. Let d be g(x). Suppose 6*z - 2*z = t + 24, -4*t + 16 = 0. What is the greatest common factor of z and d?
7
Let z be 2/(-3) + (-1092)/(-18). Suppose 3*n + 4*x - 25 = 36, x - 49 = -3*n. Calculate the highest common factor of z and n.
15
Suppose 0 = 7*b - 2*b + 50. Suppose -2*s + 40 = -3*o, 5*s - 111 = o + 2. Let p = s + b. Calculate the greatest common divisor of p and 104.
13
Let y = -4 - -4. Let r(a) = a**2 + a + 18. Let u be r(y). What is the greatest common divisor of u and 198?
18
Let h(t) = 3*t + 32. Let g be h(-10). Suppose 5*l - 4*q = 20, 11 = 2*l + 4*q + 3. Calculate the highest common factor of g and l.
2
Let w(q) = -q - 10. Let h be w(-10). Suppose h = 5*n - 33 - 37. What is the highest common factor of 42 and n?
14
Let p(i) = -3*i + 2. Let f be p(-2). Calculate the highest common divisor of f and 88.
8
Suppose 0 = -55*k + 70*k - 345. Suppose -2*z + 10 = 3*z, 3*z - 466 = -5*g. Calculate the greatest common divisor of g and k.
23
Let q = 109 + 89. Calculate the highest common divisor of 22 and q.
22
Let q be ((-2 + 1)*-14)/(-2). Let f = -4 - q. Suppose 9 = 3*o + f. Calculate the highest common divisor of o and 5.
1
Let q(n) = n**2 + 13*n + 53. Let g be q(-5). What is the greatest common divisor of 208 and g?
13
Let i = -25 + 15. Let o be (-10)/(-4)*(-8)/i. Let q(y) = y**3 + 6*y**2 - 4*y - 2. Let c be q(-6). What is the highest common factor of c and o?
2
Suppose 0*c + 3 = -3*c. Let y be 1/c + 0 + 29. What is the highest common divisor of y and 4?
4
Let i = 5 + -1. Suppose j = -2*u + 199, i*u - 607 = -0*j - 3*j. Calculate the highest common factor of j and 19.
19
Let d(j) = j**2 + 17. Let n be d(-5). Calculate the highest common factor of 21 and n.
21
Let z be 1/(2/(-20)*-2). Let u be (-962)/(-8) + z/(-20). Calculate the greatest common divisor of 15 and u.
15
Let r(a) = -a**3 + 5*a**2 - 4*a + 2. Let k be r(4). Let t = k + 1. Suppose -q + 68 = t. Calculate the greatest common divisor of q and 26.
13
Let q be (-1 + -29)*3/(-2). Suppose 2*d + 48 = -2*d. Let l = 27 + d. Calculate the highest common factor of q and l.
15
Let j = 18 + -13. Suppose -20 = -5*b, -2*w = 2*b - 11 - j. Suppose -33 = -w*c + 3*x + 361, 10 = 5*x. Calculate the highest common divisor of c and 20.
20
Let v(g) = -g**3 + 6*g**2 - g - 12. Let z be v(5). Suppose -2*i = 4*m - 6*i - 32, -3*m - 5*i = z. Calculate the highest common divisor of m and 8.
4
Let u be ((-16)/12)/(4/(-6)). Let h = 7 + u. Calculate the highest common factor of h and 99.
9
Let x(o) = o**3 - 17*o**2 + 4*o + 20. Let u be x(17). Calculate the greatest common factor of u and 8.
8
Let c = 4 - 4. Suppose -9 = -3*o, c = -2*k + k + o + 2. Suppose 0*l + 150 = k*l. What is the greatest common factor of l and 10?
10
Suppose -3*l + 12 = -0. What is the highest common factor of 16 and l?
4
Suppose 3*q + 382 = -188. Let h = q - -345. Suppose 119 = 4*p - 3*d, 3*d = 5*p - 2*d - h. Calculate the highest common divisor of p and 13.
13
Suppose -2*z - 5*d = -130, -d - 3*d = 4*z - 284. What is the highest common divisor of z and 30?
15
Let h be (-2 - 0) + 3 - -14. Suppose -118 + 28 = -3*u. What is the greatest common factor of h and u?
15
Suppose 0 = 47*j - 42*j - 240. Calculate the highest common divisor of j and 36.
12
Suppose 5*u + 317 = 1527. What is the greatest common factor of 22 and u?
22
Let t = -10 + 5. Let m = 7 - t. What is the greatest common divisor of 96 and m?
12
Let d = -89 + 294. What is the greatest common factor of 82 and d?
41
Let q = 72 + -44. Let s(i) = -i**3 - 6*i**2 - 4*i - 3. Let a be s(-6). Suppose -2*v = -5*v + a. Calculate the greatest common factor of v and q.
7
Suppose -b + 65 = i, 0*i + 4*b = -2*i + 136. Suppose -d - i = -3*d. What is the highest common factor of 124 and d?
31
Let q(l) = 4 + 0 + 3*l - 2*l. Let r be q(-4). Suppose r = 4*t + d - 211, -3*t + 3*d - 8*d + 171 = 0. Calculate the highest common divisor of t and 13.
13
Suppose 0 = 3*c - 7*c + 880. What is the highest common factor of c and 20?
20
Suppose -5*r + 544 = -r. Let k be 4 - (4 + -43)/3. Calculate the greatest common divisor of k and r.
17
Let z(o) = o + 5. Let s be z(-4). Suppose -1 = -v + s. Let a = v - -33. What is the highest common divisor of 7 and a?
7
Suppose -3*m = p - 57, 3 = p - m - 54. Calculate the greatest common factor of p and 38.
19
Suppose 2*a = -d - 1, 4*a = -d + 3*a 